ase 5.
13023
What is 120010 (base 3) in base 15?
1c3
-1102 (base 16) to base 2
-1000100000010
Convert -4c1 (base 16) to base 3.
-1200002
What is -1c37 (base 15) in base 7?
-23602
What is 22112030 (base 4) in base 11?
29928
What is 36060 (base 9) in base 8?
57057
Convert -10011010001 (base 2) to base 3.
-1200200
Convert -10023 (base 4) to base 15.
-12c
Convert -2015 (base 6) to base 3.
-121102
d90 (base 15) to base 2
101111110100
-425551 (base 6) to base 10
-34987
Convert 221110 (base 3) to base 11.
575
Convert 475 (base 10) to base 11.
3a2
What is -3242414 (base 5) in base 10?
-55984
Convert 24187 (base 10) to base 8.
57173
What is -102 (base 14) in base 13?
-123
Convert 430 (base 5) to base 2.
1110011
Convert -4512 (base 6) to base 4.
-100130
Convert 3321 (base 8) to base 4.
123101
Convert 100010000 (base 2) to base 12.
1a8
What is 88773 (base 9) in base 3?
2222212110
What is -1530 (base 7) in base 8?
-1141
Convert 111001001 (base 2) to base 16.
1c9
b2a (base 15) to base 14
cb9
What is -26a17 (base 11) in base 5?
-2212441
Convert 1212 (base 6) to base 5.
2141
What is 1e82 (base 16) in base 6?
100054
Convert a24 (base 11) to base 10.
1236
2c5e (base 16) to base 12
66a6
-2c9 (base 16) to base 6
-3145
543 (base 13) to base 6
4100
What is 1100000010 (base 2) in base 4?
30002
Convert -568a (base 13) to base 12.
-7015
7406 (base 9) to base 14
1da1
1100000 (base 4) to base 15
17b5
What is -737 (base 13) in base 2?
-10011001101
What is 155 (base 15) in base 3?
102022
-21100 (base 4) to base 14
-304
What is -1d27 (base 16) in base 10?
-7463
Convert -1111 (base 3) to base 15.
-2a
808 (base 15) to base 6
12212
What is -100 (base 10) in base 9?
-121
-1010000110 (base 2) to base 10
-646
30414 (base 8) to base 15
3ac1
Convert 8957 (base 12) to base 3.
202211111
Convert 121233 (base 4) to base 6.
11343
Convert 2646 (base 16) to base 3.
111102220
What is 1f93 (base 16) in base 3?
102002101
-1e1e (base 15) to base 4
-1212122
What is 201222 (base 3) in base 13?
326
What is -4011 (base 5) in base 3?
-200202
-240 (base 15) to base 12
-366
-48184 (base 9) to base 14
-ba65
230 (base 8) to base 6
412
Convert -221510 (base 6) to base 15.
-5766
100010001001 (base 2) to base 5
32220
Convert 11000011 (base 2) to base 16.
c3
Convert 10011000110 (base 2) to base 10.
1222
-1414 (base 7) to base 4
-20212
Convert -11142 (base 5) to base 11.
-665
-1011121202 (base 3) to base 14
-8587
Convert 2413 (base 6) to base 2.
1001001001
What is -230 (base 15) in base 14?
-275
110100001110000 (base 2) to base 13
c228
What is 253 (base 11) in base 14?
176
Convert -160316 (base 7) to base 13.
-11384
c65 (base 16) to base 5
100143
What is 221011 (base 3) in base 7?
1660
-210 (base 7) to base 9
-126
What is 674 (base 8) in base 5?
3234
What is 1344 (base 5) in base 15?
ee
What is -4a0a (base 13) in base 9?
-15343
300003 (base 5) to base 8
22242
What is 12011130 (base 4) in base 10?
24924
What is 14342 (base 5) in base 9?
1607
Convert 32a2 (base 13) to base 16.
1b95
Convert 17b2 (base 16) to base 9.
8280
Convert 212 (base 11) to base 10.
255
11112133 (base 4) to base 16
559f
-11100101100 (base 2) to base 10
-1836
Convert 358c (base 13) to base 9.
11321
Convert 111010101110101 (base 2) to base 8.
72565
-93 (base 12) to base 11
-a1
2004 (base 7) to base 5
10230
340555 (base 6) to base 15
87a2
Convert -235 (base 11) to base 4.
-10120
-a08 (base 12) to base 14
-756
56014 (base 10) to base 5
3243024
Convert 10001010010 (base 2) to base 13.
671
-21a0 (base 12) to base 14
-14da
Convert -1126 (base 9) to base 7.
-2301
What is 11 (base 5) in base 2?
110
Convert 1101101010111 (base 2) to base 9.
10536
Convert -151 (base 14) to base 15.
-12c
What is 11063 (base 7) in base 6?
20525
What is 3418 (base 9) in base 5?
40103
3103 (base 5) to base 13
250
Convert 1644 (base 7) to base 2.
1010011101
What is 11101111000110 (base 2) in base 14?
5810
Convert 15603 (base 14) to base 4.
31001003
-2a73 (base 11) to base 10
-3952
Convert 10110011010111 (base 2) to base 9.
16664
What is 6178 (base 11) in base 12?
48a8
What is ba1 (base 13) in base 5?
30430
What is 2225 (base 10) in base 15?
9d5
What is -326 (base 8) in base 12?
-15a
Convert -1820 (base 16) to base 9.
-8422
What is 2003200 (base 5) in base 3?
1121110011
Convert -32113 (base 5) to base 2.
-100001101110
What is -11077 (base 9) in base 14?
-297a
What is -16c7 (base 14) in base 3?
-12121200
What is -1010010001 (base 2) in base 8?
-1221
-3234 (base 6) to base 15
-347
Convert 2d (base 16) to base 4.
231
Convert 221 (base 9) to base 13.
10c
Convert 1044 (base 5) to base 13.
b6
What is -10011200 (base 4) in base 10?
-16736
What is -20 (base 13) in base 4?
-122
-120201112 (base 3) to base 15
-35e2
32114 (base 5) to base 8
4157
What is 11000100011 (base 2) in base 12?
aab
Convert 4777 (base 11) to base 8.
14157
What is -44448 (base 9) in base 8?
-71530
What is -10011011100 (base 2) in base 10?
-1244
What is 8511 (base 10) in base 7?
33546
Convert -808c (base 13) to base 4.
-10110130
-409 (base 13) to base 16
-2ad
Convert 4485 (base 9) to base 11.
2546
Convert -1730 (base 9) to base 4.
-110223
What is -31424 (base 6) in base 15?
-13e4
Convert 1011111001 (base 2) to base 11.
632
What is -211320 (base 4) in base 7?
-10032
Convert cb28 (base 13) to base 2.
110111001100001
Convert -1043112 (base 5) to base 15.
-5757
Convert -737 (base 9) to base 13.
-373
What is 112 (base 12) in base 2?
10011110
Convert 417 (base 13) to base 14.
37a
Convert -100101011101 (base 2) to base 11.
-188a
102a5 (base 11) to base 3
202120111
What is 1149 (base 10) in base 3?
1120120
-5c4c (base 16) to base 5
-1224003
What is 3143200 (base 5) in base 11?
36844
What is 3682 (base 9) in base 4?
222323
Convert -1441 (base 7) to base 5.
-4233
10a0 (base 11) to base 5
21231
What is 132161 (base 8) in base 2?
1011010001110001
What is -1aab (base 15) in base 7?
-22604
-113011 (base 5) to base 16
-1023
-1355 (base 9) to base 2
-1111111110
-427 (base 13) to base 2
-1011000101
What is -216b (base 13) in base 4?
-1020230
-a4e (base 15) to base 10
-2324
-30198 (base 11) to base 5
-2403101
1cc07 (base 13) to base 11
39882
Convert -2221 (base 3) to base 14.
-59
What is -26626 (base 9) in base 2?
-100011001010110
What is -11487 (base 9) in base 6?
-55341
102200 (base 5) to base 10
3425
What is -1490 (base 11) in base 12?
-1136
-12232 (base 7) to base 13
-15ca
What is -5025 (base 11) in base 3?
-100011111
-3d6 (base 15) to base 11
-727
42a (base 12) to base 10
610
22121102 (base 3) to base 6
45015
250334 (base 6) to base 16
5692
What is -101001110 (base 2) in base 10?
-334
What is 2342 (base 5) in base 15?
182
What is -102322 (base 4) in base 15?
-55a
-25e (base 16) to base 11
-501
-50411 (base 6) to base 14
-25b9
What is 1011111001 (base 2) in base 7?
2135
Convert -14323 (base 7) to base 15.
-1277
Convert -1097 (base 10) to base 16.
-449
What is 46778 (base 11) in base 13?
2493c
-507 (base 11) to base 12
-430
650 (base 14) to base 8
2336
3122 (base 4) to base 10
218
Convert -223 (base 8) to base 10.
-147
27208 (base 10) to base 6
325544
11 (base 7) to base 16
8
Convert -1065 (base 7) to base 5.
-3030
Convert 10001101111101111 (base 2) to base 10.
72687
What is 123110 (base 4) in base 5?
23443
3d82 (base 16) to base 10
15746
What is -2463 (base 8) in base 2?
-10100110011
17734 (base 11) to base 16
610a
Convert 20301 (base 5) to base 9.
1733
What is -212200021 (base 3) in base 12?
-9ba4
1027 (base 10) to base 16
403
Convert 1010010101010 (base 2) to base 9.
7227
What is -230 (base 16) in base 10?
-560
What is -221a (base 11) in base 13?
-1440
What is -948c (base 13) in base 9?
-31180
What is 1741 (base 8) in base 5?
12433
Convert 8a7 (base 12) to base 15.
5a4
Convert -195 (base 11) to base 14.
-121
Convert -1419 (base 12) to base 14.
-bc1
Convert 1430a (base 11) to base 12.
b92a
What is 301551 (base 7) in base 6?
1032153
What is 100022121 (base 3) in base 7?
25543
Convert -b88 (base 14) to base 3.
-10010022
Convert -1f13 (base 16) to base 12.
-472b
-122201120 (base 3) to base 12
-7589
Convert 2220 (base 3) to base 5.
303
Convert 5433 (base 10) to base 9.
7406
-1b75 (base 12) to base 8
-6511
What is -122373 (base 8) in base 10?
-42235
What is -234022 (base 6) in base 11?
-142a1
b91 (base 14) to base 16
8eb